


{"id":2958,"date":"2017-12-11T13:44:47","date_gmt":"2017-12-11T13:44:47","guid":{"rendered":"https:\/\/euprevent.eu\/?page_id=2958"},"modified":"2017-12-11T13:44:47","modified_gmt":"2017-12-11T13:44:47","slug":"financement-capacity-assessment-dementia","status":"publish","type":"page","link":"https:\/\/euprevent.eu\/fr\/financement-capacity-assessment-dementia\/","title":{"rendered":"Financement Capacity Assessment Dementia"},"content":{"rendered":"<section class=\"wpb-content-wrapper\"><p>[vc_row][vc_column][vc_column_text]<\/p>\n<h1>Financement Capacity Assessment Dementia<\/h1>\n<p>Le projet &lsquo;Capacity Assessment Dementia&rsquo; a \u00e9t\u00e9 rendu possible gr\u00e2ce au soutien financier de:<\/p>\n<ul>\n<li>Provincie Limburg (NL) (Principal bailleur de fonds)<\/li>\n<\/ul>\n<p>[\/vc_column_text][\/vc_column][\/vc_row]<\/p>\n<\/section>","protected":false},"excerpt":{"rendered":"<p>[vc_row][vc_column][vc_column_text] Financement Capacity Assessment Dementia Le projet &lsquo;Capacity Assessment Dementia&rsquo; a \u00e9t\u00e9 rendu possible gr\u00e2ce au soutien financier de: Provincie Limburg (NL) (Principal bailleur de fonds) [\/vc_column_text][\/vc_column][\/vc_row]<\/p>\n","protected":false},"author":1,"featured_media":0,"parent":0,"menu_order":0,"comment_status":"closed","ping_status":"closed","template":"","meta":{"_acf_changed":false,"footnotes":""},"class_list":["post-2958","page","type-page","status-publish","hentry","programmes-mental-health"],"acf":[],"yoast_head":"<!-- This site is optimized with the Yoast SEO plugin v27.5 - https:\/\/yoast.com\/product\/yoast-seo-wordpress\/ -->\n<title>Financement Capacity Assessment Dementia - euPrevent<\/title>\n<meta name=\"robots\" content=\"index, follow, max-snippet:-1, max-image-preview:large, max-video-preview:-1\" \/>\n<link rel=\"canonical\" href=\"https:\/\/euprevent.eu\/fr\/financement-capacity-assessment-dementia\/\" \/>\n<meta property=\"og:locale\" content=\"fr_FR\" \/>\n<meta property=\"og:type\" content=\"article\" \/>\n<meta property=\"og:title\" content=\"Financement Capacity Assessment Dementia - euPrevent\" \/>\n<meta property=\"og:description\" content=\"[vc_row][vc_column][vc_column_text] Financement Capacity Assessment Dementia Le projet &lsquo;Capacity Assessment Dementia&rsquo; a \u00e9t\u00e9 rendu possible gr\u00e2ce au soutien financier de: Provincie Limburg (NL) (Principal bailleur de fonds) [\/vc_column_text][\/vc_column][\/vc_row]\" \/>\n<meta property=\"og:url\" content=\"https:\/\/euprevent.eu\/fr\/financement-capacity-assessment-dementia\/\" \/>\n<meta property=\"og:site_name\" content=\"euPrevent\" \/>\n<meta name=\"twitter:card\" content=\"summary_large_image\" \/>\n<script type=\"application\/ld+json\" class=\"yoast-schema-graph\">{\"@context\":\"https:\\\/\\\/schema.org\",\"@graph\":[{\"@type\":\"WebPage\",\"@id\":\"https:\\\/\\\/euprevent.eu\\\/fr\\\/financement-capacity-assessment-dementia\\\/\",\"url\":\"https:\\\/\\\/euprevent.eu\\\/fr\\\/financement-capacity-assessment-dementia\\\/\",\"name\":\"Financement Capacity Assessment Dementia - euPrevent\",\"isPartOf\":{\"@id\":\"https:\\\/\\\/euprevent.eu\\\/fr\\\/#website\"},\"datePublished\":\"2017-12-11T13:44:47+00:00\",\"breadcrumb\":{\"@id\":\"https:\\\/\\\/euprevent.eu\\\/fr\\\/financement-capacity-assessment-dementia\\\/#breadcrumb\"},\"inLanguage\":\"fr-FR\",\"potentialAction\":[{\"@type\":\"ReadAction\",\"target\":[\"https:\\\/\\\/euprevent.eu\\\/fr\\\/financement-capacity-assessment-dementia\\\/\"]}]},{\"@type\":\"BreadcrumbList\",\"@id\":\"https:\\\/\\\/euprevent.eu\\\/fr\\\/financement-capacity-assessment-dementia\\\/#breadcrumb\",\"itemListElement\":[{\"@type\":\"ListItem\",\"position\":1,\"name\":\"Home\",\"item\":\"https:\\\/\\\/euprevent.eu\\\/fr\\\/\"},{\"@type\":\"ListItem\",\"position\":2,\"name\":\"Financement Capacity Assessment Dementia\"}]},{\"@type\":\"WebSite\",\"@id\":\"https:\\\/\\\/euprevent.eu\\\/fr\\\/#website\",\"url\":\"https:\\\/\\\/euprevent.eu\\\/fr\\\/\",\"name\":\"euPrevent\",\"description\":\"euPrevent is a Euroregional network that focuses on promoting health. Within this network, sustainable partnerships seek to increase the quality of life of residents in the border region between the Netherlands, Belgium and Germany.\",\"potentialAction\":[{\"@type\":\"SearchAction\",\"target\":{\"@type\":\"EntryPoint\",\"urlTemplate\":\"https:\\\/\\\/euprevent.eu\\\/fr\\\/?s={search_term_string}\"},\"query-input\":{\"@type\":\"PropertyValueSpecification\",\"valueRequired\":true,\"valueName\":\"search_term_string\"}}],\"inLanguage\":\"fr-FR\"}]}<\/script>\n<!-- \/ Yoast SEO plugin. -->","yoast_head_json":{"title":"Financement Capacity Assessment Dementia - euPrevent","robots":{"index":"index","follow":"follow","max-snippet":"max-snippet:-1","max-image-preview":"max-image-preview:large","max-video-preview":"max-video-preview:-1"},"canonical":"https:\/\/euprevent.eu\/fr\/financement-capacity-assessment-dementia\/","og_locale":"fr_FR","og_type":"article","og_title":"Financement Capacity Assessment Dementia - euPrevent","og_description":"[vc_row][vc_column][vc_column_text] Financement Capacity Assessment Dementia Le projet &lsquo;Capacity Assessment Dementia&rsquo; a \u00e9t\u00e9 rendu possible gr\u00e2ce au soutien financier de: Provincie Limburg (NL) (Principal bailleur de fonds) [\/vc_column_text][\/vc_column][\/vc_row]","og_url":"https:\/\/euprevent.eu\/fr\/financement-capacity-assessment-dementia\/","og_site_name":"euPrevent","twitter_card":"summary_large_image","schema":{"@context":"https:\/\/schema.org","@graph":[{"@type":"WebPage","@id":"https:\/\/euprevent.eu\/fr\/financement-capacity-assessment-dementia\/","url":"https:\/\/euprevent.eu\/fr\/financement-capacity-assessment-dementia\/","name":"Financement Capacity Assessment Dementia - euPrevent","isPartOf":{"@id":"https:\/\/euprevent.eu\/fr\/#website"},"datePublished":"2017-12-11T13:44:47+00:00","breadcrumb":{"@id":"https:\/\/euprevent.eu\/fr\/financement-capacity-assessment-dementia\/#breadcrumb"},"inLanguage":"fr-FR","potentialAction":[{"@type":"ReadAction","target":["https:\/\/euprevent.eu\/fr\/financement-capacity-assessment-dementia\/"]}]},{"@type":"BreadcrumbList","@id":"https:\/\/euprevent.eu\/fr\/financement-capacity-assessment-dementia\/#breadcrumb","itemListElement":[{"@type":"ListItem","position":1,"name":"Home","item":"https:\/\/euprevent.eu\/fr\/"},{"@type":"ListItem","position":2,"name":"Financement Capacity Assessment Dementia"}]},{"@type":"WebSite","@id":"https:\/\/euprevent.eu\/fr\/#website","url":"https:\/\/euprevent.eu\/fr\/","name":"euPrevent","description":"euPrevent is a Euroregional network that focuses on promoting health. Within this network, sustainable partnerships seek to increase the quality of life of residents in the border region between the Netherlands, Belgium and Germany.","potentialAction":[{"@type":"SearchAction","target":{"@type":"EntryPoint","urlTemplate":"https:\/\/euprevent.eu\/fr\/?s={search_term_string}"},"query-input":{"@type":"PropertyValueSpecification","valueRequired":true,"valueName":"search_term_string"}}],"inLanguage":"fr-FR"}]}},"_links":{"self":[{"href":"https:\/\/euprevent.eu\/fr\/wp-json\/wp\/v2\/pages\/2958","targetHints":{"allow":["GET"]}}],"collection":[{"href":"https:\/\/euprevent.eu\/fr\/wp-json\/wp\/v2\/pages"}],"about":[{"href":"https:\/\/euprevent.eu\/fr\/wp-json\/wp\/v2\/types\/page"}],"author":[{"embeddable":true,"href":"https:\/\/euprevent.eu\/fr\/wp-json\/wp\/v2\/users\/1"}],"replies":[{"embeddable":true,"href":"https:\/\/euprevent.eu\/fr\/wp-json\/wp\/v2\/comments?post=2958"}],"version-history":[{"count":2,"href":"https:\/\/euprevent.eu\/fr\/wp-json\/wp\/v2\/pages\/2958\/revisions"}],"predecessor-version":[{"id":3016,"href":"https:\/\/euprevent.eu\/fr\/wp-json\/wp\/v2\/pages\/2958\/revisions\/3016"}],"wp:attachment":[{"href":"https:\/\/euprevent.eu\/fr\/wp-json\/wp\/v2\/media?parent=2958"}],"curies":[{"name":"wp","href":"https:\/\/api.w.org\/{rel}","templated":true}]}}

<section class="wpb-content-wrapper"><p>[vc_row][vc_column][vc_column_text]</p>
<h1>Financement Capacity Assessment Dementia</h1>
<p>Le projet &lsquo;Capacity Assessment Dementia&rsquo; a été rendu possible grâce au soutien financier de:</p>
<ul>
<li>Provincie Limburg (NL) (Principal bailleur de fonds)</li>
</ul>
<p>[/vc_column_text][/vc_column][/vc_row]</p>
</section>

<p>[vc_row][vc_column][vc_column_text] Financement Capacity Assessment Dementia Le projet &lsquo;Capacity Assessment Dementia&rsquo; a été rendu possible grâce au soutien financier de: Provincie Limburg (NL) (Principal bailleur de fonds) [/vc_column_text][/vc_column][/vc_row]</p>

<!-- This site is optimized with the Yoast SEO plugin v27.5 - https://yoast.com/product/yoast-seo-wordpress/ -->
<title>Financement Capacity Assessment Dementia - euPrevent</title>
<meta name="robots" content="index, follow, max-snippet:-1, max-image-preview:large, max-video-preview:-1" />
<link rel="canonical" href="https://euprevent.eu/fr/financement-capacity-assessment-dementia/" />
<meta property="og:locale" content="fr_FR" />
<meta property="og:type" content="article" />
<meta property="og:title" content="Financement Capacity Assessment Dementia - euPrevent" />
<meta property="og:description" content="[vc_row][vc_column][vc_column_text] Financement Capacity Assessment Dementia Le projet &lsquo;Capacity Assessment Dementia&rsquo; a été rendu possible grâce au soutien financier de: Provincie Limburg (NL) (Principal bailleur de fonds) [/vc_column_text][/vc_column][/vc_row]" />
<meta property="og:url" content="https://euprevent.eu/fr/financement-capacity-assessment-dementia/" />
<meta property="og:site_name" content="euPrevent" />
<meta name="twitter:card" content="summary_large_image" />
<script type="application/ld+json" class="yoast-schema-graph">{"@context":"https:\/\/schema.org","@graph":[{"@type":"WebPage","@id":"https:\/\/euprevent.eu\/fr\/financement-capacity-assessment-dementia\/","url":"https:\/\/euprevent.eu\/fr\/financement-capacity-assessment-dementia\/","name":"Financement Capacity Assessment Dementia - euPrevent","isPartOf":{"@id":"https:\/\/euprevent.eu\/fr\/#website"},"datePublished":"2017-12-11T13:44:47+00:00","breadcrumb":{"@id":"https:\/\/euprevent.eu\/fr\/financement-capacity-assessment-dementia\/#breadcrumb"},"inLanguage":"fr-FR","potentialAction":[{"@type":"ReadAction","target":["https:\/\/euprevent.eu\/fr\/financement-capacity-assessment-dementia\/"]}]},{"@type":"BreadcrumbList","@id":"https:\/\/euprevent.eu\/fr\/financement-capacity-assessment-dementia\/#breadcrumb","itemListElement":[{"@type":"ListItem","position":1,"name":"Home","item":"https:\/\/euprevent.eu\/fr\/"},{"@type":"ListItem","position":2,"name":"Financement Capacity Assessment Dementia"}]},{"@type":"WebSite","@id":"https:\/\/euprevent.eu\/fr\/#website","url":"https:\/\/euprevent.eu\/fr\/","name":"euPrevent","description":"euPrevent is a Euroregional network that focuses on promoting health. Within this network, sustainable partnerships seek to increase the quality of life of residents in the border region between the Netherlands, Belgium and Germany.","potentialAction":[{"@type":"SearchAction","target":{"@type":"EntryPoint","urlTemplate":"https:\/\/euprevent.eu\/fr\/?s={search_term_string}"},"query-input":{"@type":"PropertyValueSpecification","valueRequired":true,"valueName":"search_term_string"}}],"inLanguage":"fr-FR"}]}</script>
<!-- / Yoast SEO plugin. -->

[vc_row][vc_column][vc_column_text] Financement Capacity Assessment Dementia Le projet &lsquo;Capacity Assessment Dementia&rsquo; a été rendu possible grâce au soutien financier de: Provincie Limburg (NL) (Principal bailleur de fonds) [/vc_column_text][/vc_column][/vc_row]
