


{"id":18520,"date":"2022-09-29T09:25:57","date_gmt":"2022-09-29T08:25:57","guid":{"rendered":"https:\/\/euprevent.eu\/?page_id=18520"},"modified":"2022-10-31T12:01:41","modified_gmt":"2022-10-31T11:01:41","slug":"partenaires-associes-acp","status":"publish","type":"page","link":"https:\/\/euprevent.eu\/fr\/partenaires-associes-acp\/","title":{"rendered":"Partenaires associ\u00e9s ACP"},"content":{"rendered":"<section class=\"wpb-content-wrapper\"><p>[vc_row][vc_column][vc_column_text]Plusieurs partenaires associ\u00e9s sont impliqu\u00e9s dans ce projet. Pour en savoir plus sur eux, cliquez ici ![\/vc_column_text][vc_row_inner][vc_column_inner width=\u00a0\u00bb1\/3&Prime;][vc_single_image image=\u00a0\u00bb16287&Prime; img_size=\u00a0\u00bbfull\u00a0\u00bb onclick=\u00a0\u00bbcustom_link\u00a0\u00bb img_link_target=\u00a0\u00bb_blank\u00a0\u00bb link=\u00a0\u00bbhttps:\/\/www.logolimburg.be\/\u00a0\u00bb][\/vc_column_inner][vc_column_inner width=\u00a0\u00bb2\/3&Prime;][vc_column_text]<\/p>\n<h3>Logo Limburg<\/h3>\n<p>[\/vc_column_text][\/vc_column_inner][\/vc_row_inner][vc_row_inner][vc_column_inner width=\u00a0\u00bb1\/3&Prime;][vc_single_image image=\u00a0\u00bb18496&Prime; img_size=\u00a0\u00bbfull\u00a0\u00bb onclick=\u00a0\u00bbcustom_link\u00a0\u00bb img_link_target=\u00a0\u00bb_blank\u00a0\u00bb link=\u00a0\u00bbhttps:\/\/www.bzga.de\/\u00a0\u00bb][\/vc_column_inner][vc_column_inner width=\u00a0\u00bb2\/3&Prime;][vc_column_text]<\/p>\n<h3>Bundeszentrale f\u00fcr gesundheitliche Aufkl\u00e4rung (BZgA)<\/h3>\n<p>[\/vc_column_text][\/vc_column_inner][\/vc_row_inner][vc_separator][\/vc_column][\/vc_row]<\/p>\n<\/section>","protected":false},"excerpt":{"rendered":"<p>[vc_row][vc_column][vc_column_text]Plusieurs partenaires associ\u00e9s sont impliqu\u00e9s dans ce projet. Pour en savoir plus sur eux, cliquez ici ![\/vc_column_text][vc_row_inner][vc_column_inner width=\u00a0\u00bb1\/3&Prime;][vc_single_image image=\u00a0\u00bb16287&Prime; img_size=\u00a0\u00bbfull\u00a0\u00bb onclick=\u00a0\u00bbcustom_link\u00a0\u00bb img_link_target=\u00a0\u00bb_blank\u00a0\u00bb link=\u00a0\u00bbhttps:\/\/www.logolimburg.be\/\u00a0\u00bb][\/vc_column_inner][vc_column_inner width=\u00a0\u00bb2\/3&Prime;][vc_column_text] Logo Limburg [\/vc_column_text][\/vc_column_inner][\/vc_row_inner][vc_row_inner][vc_column_inner width=\u00a0\u00bb1\/3&Prime;][vc_single_image image=\u00a0\u00bb18496&Prime; img_size=\u00a0\u00bbfull\u00a0\u00bb onclick=\u00a0\u00bbcustom_link\u00a0\u00bb img_link_target=\u00a0\u00bb_blank\u00a0\u00bb link=\u00a0\u00bbhttps:\/\/www.bzga.de\/\u00a0\u00bb][\/vc_column_inner][vc_column_inner width=\u00a0\u00bb2\/3&Prime;][vc_column_text] Bundeszentrale f\u00fcr gesundheitliche Aufkl\u00e4rung (BZgA) [\/vc_column_text][\/vc_column_inner][\/vc_row_inner][vc_separator][\/vc_column][\/vc_row]<\/p>\n","protected":false},"author":1,"featured_media":0,"parent":0,"menu_order":0,"comment_status":"closed","ping_status":"closed","template":"","meta":{"_acf_changed":false,"footnotes":""},"class_list":["post-18520","page","type-page","status-publish","hentry","programmes-crossing-programmes"],"acf":[],"yoast_head":"<!-- This site is optimized with the Yoast SEO plugin v27.5 - https:\/\/yoast.com\/product\/yoast-seo-wordpress\/ -->\n<title>Partenaires associ\u00e9s ACP - euPrevent<\/title>\n<meta name=\"robots\" content=\"index, follow, max-snippet:-1, max-image-preview:large, max-video-preview:-1\" \/>\n<link rel=\"canonical\" href=\"https:\/\/euprevent.eu\/fr\/partenaires-associes-acp\/\" \/>\n<meta property=\"og:locale\" content=\"fr_FR\" \/>\n<meta property=\"og:type\" content=\"article\" \/>\n<meta property=\"og:title\" content=\"Partenaires associ\u00e9s ACP - euPrevent\" \/>\n<meta property=\"og:description\" content=\"[vc_row][vc_column][vc_column_text]Plusieurs partenaires associ\u00e9s sont impliqu\u00e9s dans ce projet. Pour en savoir plus sur eux, cliquez ici ![\/vc_column_text][vc_row_inner][vc_column_inner width=\u00a0\u00bb1\/3&Prime;][vc_single_image image=\u00a0\u00bb16287&Prime; img_size=\u00a0\u00bbfull\u00a0\u00bb onclick=\u00a0\u00bbcustom_link\u00a0\u00bb img_link_target=\u00a0\u00bb_blank\u00a0\u00bb link=\u00a0\u00bbhttps:\/\/www.logolimburg.be\/\u00a0\u00bb][\/vc_column_inner][vc_column_inner width=\u00a0\u00bb2\/3&Prime;][vc_column_text] Logo Limburg [\/vc_column_text][\/vc_column_inner][\/vc_row_inner][vc_row_inner][vc_column_inner width=\u00a0\u00bb1\/3&Prime;][vc_single_image image=\u00a0\u00bb18496&Prime; img_size=\u00a0\u00bbfull\u00a0\u00bb onclick=\u00a0\u00bbcustom_link\u00a0\u00bb img_link_target=\u00a0\u00bb_blank\u00a0\u00bb link=\u00a0\u00bbhttps:\/\/www.bzga.de\/\u00a0\u00bb][\/vc_column_inner][vc_column_inner width=\u00a0\u00bb2\/3&Prime;][vc_column_text] Bundeszentrale f\u00fcr gesundheitliche Aufkl\u00e4rung (BZgA) [\/vc_column_text][\/vc_column_inner][\/vc_row_inner][vc_separator][\/vc_column][\/vc_row]\" \/>\n<meta property=\"og:url\" content=\"https:\/\/euprevent.eu\/fr\/partenaires-associes-acp\/\" \/>\n<meta property=\"og:site_name\" content=\"euPrevent\" \/>\n<meta property=\"article:modified_time\" content=\"2022-10-31T11:01:41+00:00\" \/>\n<meta name=\"twitter:card\" content=\"summary_large_image\" \/>\n<meta name=\"twitter:label1\" content=\"Dur\u00e9e de lecture estim\u00e9e\" \/>\n\t<meta name=\"twitter:data1\" content=\"1 minute\" \/>\n<script type=\"application\/ld+json\" class=\"yoast-schema-graph\">{\"@context\":\"https:\\\/\\\/schema.org\",\"@graph\":[{\"@type\":\"WebPage\",\"@id\":\"https:\\\/\\\/euprevent.eu\\\/fr\\\/partenaires-associes-acp\\\/\",\"url\":\"https:\\\/\\\/euprevent.eu\\\/fr\\\/partenaires-associes-acp\\\/\",\"name\":\"Partenaires associ\u00e9s ACP - euPrevent\",\"isPartOf\":{\"@id\":\"https:\\\/\\\/euprevent.eu\\\/fr\\\/#website\"},\"datePublished\":\"2022-09-29T08:25:57+00:00\",\"dateModified\":\"2022-10-31T11:01:41+00:00\",\"breadcrumb\":{\"@id\":\"https:\\\/\\\/euprevent.eu\\\/fr\\\/partenaires-associes-acp\\\/#breadcrumb\"},\"inLanguage\":\"fr-FR\",\"potentialAction\":[{\"@type\":\"ReadAction\",\"target\":[\"https:\\\/\\\/euprevent.eu\\\/fr\\\/partenaires-associes-acp\\\/\"]}]},{\"@type\":\"BreadcrumbList\",\"@id\":\"https:\\\/\\\/euprevent.eu\\\/fr\\\/partenaires-associes-acp\\\/#breadcrumb\",\"itemListElement\":[{\"@type\":\"ListItem\",\"position\":1,\"name\":\"Home\",\"item\":\"https:\\\/\\\/euprevent.eu\\\/fr\\\/\"},{\"@type\":\"ListItem\",\"position\":2,\"name\":\"Partenaires associ\u00e9s ACP\"}]},{\"@type\":\"WebSite\",\"@id\":\"https:\\\/\\\/euprevent.eu\\\/fr\\\/#website\",\"url\":\"https:\\\/\\\/euprevent.eu\\\/fr\\\/\",\"name\":\"euPrevent\",\"description\":\"euPrevent is a Euroregional network that focuses on promoting health. Within this network, sustainable partnerships seek to increase the quality of life of residents in the border region between the Netherlands, Belgium and Germany.\",\"potentialAction\":[{\"@type\":\"SearchAction\",\"target\":{\"@type\":\"EntryPoint\",\"urlTemplate\":\"https:\\\/\\\/euprevent.eu\\\/fr\\\/?s={search_term_string}\"},\"query-input\":{\"@type\":\"PropertyValueSpecification\",\"valueRequired\":true,\"valueName\":\"search_term_string\"}}],\"inLanguage\":\"fr-FR\"}]}<\/script>\n<!-- \/ Yoast SEO plugin. -->","yoast_head_json":{"title":"Partenaires associ\u00e9s ACP - euPrevent","robots":{"index":"index","follow":"follow","max-snippet":"max-snippet:-1","max-image-preview":"max-image-preview:large","max-video-preview":"max-video-preview:-1"},"canonical":"https:\/\/euprevent.eu\/fr\/partenaires-associes-acp\/","og_locale":"fr_FR","og_type":"article","og_title":"Partenaires associ\u00e9s ACP - euPrevent","og_description":"[vc_row][vc_column][vc_column_text]Plusieurs partenaires associ\u00e9s sont impliqu\u00e9s dans ce projet. Pour en savoir plus sur eux, cliquez ici ![\/vc_column_text][vc_row_inner][vc_column_inner width=\u00a0\u00bb1\/3&Prime;][vc_single_image image=\u00a0\u00bb16287&Prime; img_size=\u00a0\u00bbfull\u00a0\u00bb onclick=\u00a0\u00bbcustom_link\u00a0\u00bb img_link_target=\u00a0\u00bb_blank\u00a0\u00bb link=\u00a0\u00bbhttps:\/\/www.logolimburg.be\/\u00a0\u00bb][\/vc_column_inner][vc_column_inner width=\u00a0\u00bb2\/3&Prime;][vc_column_text] Logo Limburg [\/vc_column_text][\/vc_column_inner][\/vc_row_inner][vc_row_inner][vc_column_inner width=\u00a0\u00bb1\/3&Prime;][vc_single_image image=\u00a0\u00bb18496&Prime; img_size=\u00a0\u00bbfull\u00a0\u00bb onclick=\u00a0\u00bbcustom_link\u00a0\u00bb img_link_target=\u00a0\u00bb_blank\u00a0\u00bb link=\u00a0\u00bbhttps:\/\/www.bzga.de\/\u00a0\u00bb][\/vc_column_inner][vc_column_inner width=\u00a0\u00bb2\/3&Prime;][vc_column_text] Bundeszentrale f\u00fcr gesundheitliche Aufkl\u00e4rung (BZgA) [\/vc_column_text][\/vc_column_inner][\/vc_row_inner][vc_separator][\/vc_column][\/vc_row]","og_url":"https:\/\/euprevent.eu\/fr\/partenaires-associes-acp\/","og_site_name":"euPrevent","article_modified_time":"2022-10-31T11:01:41+00:00","twitter_card":"summary_large_image","twitter_misc":{"Dur\u00e9e de lecture estim\u00e9e":"1 minute"},"schema":{"@context":"https:\/\/schema.org","@graph":[{"@type":"WebPage","@id":"https:\/\/euprevent.eu\/fr\/partenaires-associes-acp\/","url":"https:\/\/euprevent.eu\/fr\/partenaires-associes-acp\/","name":"Partenaires associ\u00e9s ACP - euPrevent","isPartOf":{"@id":"https:\/\/euprevent.eu\/fr\/#website"},"datePublished":"2022-09-29T08:25:57+00:00","dateModified":"2022-10-31T11:01:41+00:00","breadcrumb":{"@id":"https:\/\/euprevent.eu\/fr\/partenaires-associes-acp\/#breadcrumb"},"inLanguage":"fr-FR","potentialAction":[{"@type":"ReadAction","target":["https:\/\/euprevent.eu\/fr\/partenaires-associes-acp\/"]}]},{"@type":"BreadcrumbList","@id":"https:\/\/euprevent.eu\/fr\/partenaires-associes-acp\/#breadcrumb","itemListElement":[{"@type":"ListItem","position":1,"name":"Home","item":"https:\/\/euprevent.eu\/fr\/"},{"@type":"ListItem","position":2,"name":"Partenaires associ\u00e9s ACP"}]},{"@type":"WebSite","@id":"https:\/\/euprevent.eu\/fr\/#website","url":"https:\/\/euprevent.eu\/fr\/","name":"euPrevent","description":"euPrevent is a Euroregional network that focuses on promoting health. Within this network, sustainable partnerships seek to increase the quality of life of residents in the border region between the Netherlands, Belgium and Germany.","potentialAction":[{"@type":"SearchAction","target":{"@type":"EntryPoint","urlTemplate":"https:\/\/euprevent.eu\/fr\/?s={search_term_string}"},"query-input":{"@type":"PropertyValueSpecification","valueRequired":true,"valueName":"search_term_string"}}],"inLanguage":"fr-FR"}]}},"_links":{"self":[{"href":"https:\/\/euprevent.eu\/fr\/wp-json\/wp\/v2\/pages\/18520","targetHints":{"allow":["GET"]}}],"collection":[{"href":"https:\/\/euprevent.eu\/fr\/wp-json\/wp\/v2\/pages"}],"about":[{"href":"https:\/\/euprevent.eu\/fr\/wp-json\/wp\/v2\/types\/page"}],"author":[{"embeddable":true,"href":"https:\/\/euprevent.eu\/fr\/wp-json\/wp\/v2\/users\/1"}],"replies":[{"embeddable":true,"href":"https:\/\/euprevent.eu\/fr\/wp-json\/wp\/v2\/comments?post=18520"}],"version-history":[{"count":3,"href":"https:\/\/euprevent.eu\/fr\/wp-json\/wp\/v2\/pages\/18520\/revisions"}],"predecessor-version":[{"id":18533,"href":"https:\/\/euprevent.eu\/fr\/wp-json\/wp\/v2\/pages\/18520\/revisions\/18533"}],"wp:attachment":[{"href":"https:\/\/euprevent.eu\/fr\/wp-json\/wp\/v2\/media?parent=18520"}],"curies":[{"name":"wp","href":"https:\/\/api.w.org\/{rel}","templated":true}]}}

Partenaires associés ACP

<section class="wpb-content-wrapper"><p>[vc_row][vc_column][vc_column_text]Plusieurs partenaires associés sont impliqués dans ce projet. Pour en savoir plus sur eux, cliquez ici ![/vc_column_text][vc_row_inner][vc_column_inner width= »1/3&Prime;][vc_single_image image= »16287&Prime; img_size= »full » onclick= »custom_link » img_link_target= »_blank » link= »https://www.logolimburg.be/ »][/vc_column_inner][vc_column_inner width= »2/3&Prime;][vc_column_text]</p>
<h3>Logo Limburg</h3>
<p>[/vc_column_text][/vc_column_inner][/vc_row_inner][vc_row_inner][vc_column_inner width= »1/3&Prime;][vc_single_image image= »18496&Prime; img_size= »full » onclick= »custom_link » img_link_target= »_blank » link= »https://www.bzga.de/ »][/vc_column_inner][vc_column_inner width= »2/3&Prime;][vc_column_text]</p>
<h3>Bundeszentrale für gesundheitliche Aufklärung (BZgA)</h3>
<p>[/vc_column_text][/vc_column_inner][/vc_row_inner][vc_separator][/vc_column][/vc_row]</p>
</section>

<p>[vc_row][vc_column][vc_column_text]Plusieurs partenaires associés sont impliqués dans ce projet. Pour en savoir plus sur eux, cliquez ici ![/vc_column_text][vc_row_inner][vc_column_inner width= »1/3&Prime;][vc_single_image image= »16287&Prime; img_size= »full » onclick= »custom_link » img_link_target= »_blank » link= »https://www.logolimburg.be/ »][/vc_column_inner][vc_column_inner width= »2/3&Prime;][vc_column_text] Logo Limburg [/vc_column_text][/vc_column_inner][/vc_row_inner][vc_row_inner][vc_column_inner width= »1/3&Prime;][vc_single_image image= »18496&Prime; img_size= »full » onclick= »custom_link » img_link_target= »_blank » link= »https://www.bzga.de/ »][/vc_column_inner][vc_column_inner width= »2/3&Prime;][vc_column_text] Bundeszentrale für gesundheitliche Aufklärung (BZgA) [/vc_column_text][/vc_column_inner][/vc_row_inner][vc_separator][/vc_column][/vc_row]</p>

<!-- This site is optimized with the Yoast SEO plugin v27.5 - https://yoast.com/product/yoast-seo-wordpress/ -->
<title>Partenaires associés ACP - euPrevent</title>
<meta name="robots" content="index, follow, max-snippet:-1, max-image-preview:large, max-video-preview:-1" />
<link rel="canonical" href="https://euprevent.eu/fr/partenaires-associes-acp/" />
<meta property="og:locale" content="fr_FR" />
<meta property="og:type" content="article" />
<meta property="og:title" content="Partenaires associés ACP - euPrevent" />
<meta property="og:description" content="[vc_row][vc_column][vc_column_text]Plusieurs partenaires associés sont impliqués dans ce projet. Pour en savoir plus sur eux, cliquez ici ![/vc_column_text][vc_row_inner][vc_column_inner width= »1/3&Prime;][vc_single_image image= »16287&Prime; img_size= »full » onclick= »custom_link » img_link_target= »_blank » link= »https://www.logolimburg.be/ »][/vc_column_inner][vc_column_inner width= »2/3&Prime;][vc_column_text] Logo Limburg [/vc_column_text][/vc_column_inner][/vc_row_inner][vc_row_inner][vc_column_inner width= »1/3&Prime;][vc_single_image image= »18496&Prime; img_size= »full » onclick= »custom_link » img_link_target= »_blank » link= »https://www.bzga.de/ »][/vc_column_inner][vc_column_inner width= »2/3&Prime;][vc_column_text] Bundeszentrale für gesundheitliche Aufklärung (BZgA) [/vc_column_text][/vc_column_inner][/vc_row_inner][vc_separator][/vc_column][/vc_row]" />
<meta property="og:url" content="https://euprevent.eu/fr/partenaires-associes-acp/" />
<meta property="og:site_name" content="euPrevent" />
<meta property="article:modified_time" content="2022-10-31T11:01:41+00:00" />
<meta name="twitter:card" content="summary_large_image" />
<meta name="twitter:label1" content="Durée de lecture estimée" />
	<meta name="twitter:data1" content="1 minute" />
<script type="application/ld+json" class="yoast-schema-graph">{"@context":"https:\/\/schema.org","@graph":[{"@type":"WebPage","@id":"https:\/\/euprevent.eu\/fr\/partenaires-associes-acp\/","url":"https:\/\/euprevent.eu\/fr\/partenaires-associes-acp\/","name":"Partenaires associés ACP - euPrevent","isPartOf":{"@id":"https:\/\/euprevent.eu\/fr\/#website"},"datePublished":"2022-09-29T08:25:57+00:00","dateModified":"2022-10-31T11:01:41+00:00","breadcrumb":{"@id":"https:\/\/euprevent.eu\/fr\/partenaires-associes-acp\/#breadcrumb"},"inLanguage":"fr-FR","potentialAction":[{"@type":"ReadAction","target":["https:\/\/euprevent.eu\/fr\/partenaires-associes-acp\/"]}]},{"@type":"BreadcrumbList","@id":"https:\/\/euprevent.eu\/fr\/partenaires-associes-acp\/#breadcrumb","itemListElement":[{"@type":"ListItem","position":1,"name":"Home","item":"https:\/\/euprevent.eu\/fr\/"},{"@type":"ListItem","position":2,"name":"Partenaires associés ACP"}]},{"@type":"WebSite","@id":"https:\/\/euprevent.eu\/fr\/#website","url":"https:\/\/euprevent.eu\/fr\/","name":"euPrevent","description":"euPrevent is a Euroregional network that focuses on promoting health. Within this network, sustainable partnerships seek to increase the quality of life of residents in the border region between the Netherlands, Belgium and Germany.","potentialAction":[{"@type":"SearchAction","target":{"@type":"EntryPoint","urlTemplate":"https:\/\/euprevent.eu\/fr\/?s={search_term_string}"},"query-input":{"@type":"PropertyValueSpecification","valueRequired":true,"valueName":"search_term_string"}}],"inLanguage":"fr-FR"}]}</script>
<!-- / Yoast SEO plugin. -->

Partenaires associés ACP - euPrevent

[vc_row][vc_column][vc_column_text]Plusieurs partenaires associés sont impliqués dans ce projet. Pour en savoir plus sur eux, cliquez ici ![/vc_column_text][vc_row_inner][vc_column_inner width= »1/3&Prime;][vc_single_image image= »16287&Prime; img_size= »full » onclick= »custom_link » img_link_target= »_blank » link= »https://www.logolimburg.be/ »][/vc_column_inner][vc_column_inner width= »2/3&Prime;][vc_column_text] Logo Limburg [/vc_column_text][/vc_column_inner][/vc_row_inner][vc_row_inner][vc_column_inner width= »1/3&Prime;][vc_single_image image= »18496&Prime; img_size= »full » onclick= »custom_link » img_link_target= »_blank » link= »https://www.bzga.de/ »][/vc_column_inner][vc_column_inner width= »2/3&Prime;][vc_column_text] Bundeszentrale für gesundheitliche Aufklärung (BZgA) [/vc_column_text][/vc_column_inner][/vc_row_inner][vc_separator][/vc_column][/vc_row]
