


{"id":16983,"date":"2022-01-03T12:40:22","date_gmt":"2022-01-03T11:40:22","guid":{"rendered":"https:\/\/euprevent.eu\/?page_id=16983"},"modified":"2022-01-18T14:21:19","modified_gmt":"2022-01-18T13:21:19","slug":"bureau-d-appui","status":"publish","type":"page","link":"https:\/\/euprevent.eu\/fr\/a-propos-de-euprevent\/bureau-d-appui\/","title":{"rendered":"Bureau d&rsquo;appui"},"content":{"rendered":"<section class=\"wpb-content-wrapper\"><p>[vc_row][vc_column][vc_column_text]<\/p>\n<h1>Bureau d&rsquo;appui<\/h1>\n<p>Le bureau d&rsquo;appui est au c\u0153ur de la fondation euPrevent et soutient les partenaires dans la r\u00e9alisation de la mission d&rsquo;euPrevent : am\u00e9liorer la qualit\u00e9 de vie des habitants de la r\u00e9gion frontali\u00e8re.[\/vc_column_text][vc_btn title=\u00a0\u00bbContact\u00a0\u00bb color=\u00a0\u00bbprimary\u00a0\u00bb link=\u00a0\u00bburl:https%3A%2F%2Feuprevent.eu%2Ffr%2Fa-propos-de-euprevent%2Fbureau-d-appui%2Fcontact%2F|title:Contact\u00a0\u00bb css=\u00a0\u00bb.vc_custom_1642512077607{margin-right: 1rem !important;}\u00a0\u00bb][vc_btn title=\u00a0\u00bbA propos de la fondation\u00a0\u00bb color=\u00a0\u00bbprimary\u00a0\u00bb link=\u00a0\u00bburl:https%3A%2F%2Feuprevent.eu%2Ffr%2Fa-propos-de-euprevent%2Freseau%2Feuprevent-fondation%2F|title:Fondation\u00a0\u00bb][vc_empty_space][\/vc_column][\/vc_row][vc_row][vc_column][vc_column_text]<\/p>\n<h2>euPrevent pour votre organisation<\/h2>\n<p>euPrevent peut soutenir votre organisation de diff\u00e9rentes mani\u00e8res. Une petite s\u00e9lection de ce que nous faisons :[\/vc_column_text][\/vc_column][\/vc_row][vc_row equal_height=\u00a0\u00bbyes\u00a0\u00bb][vc_column el_class=\u00a0\u00bbgrey-block\u00a0\u00bb css=\u00a0\u00bb.vc_custom_1632829978922{padding-top: 30px !important;padding-right: 30px !important;padding-bottom: 30px !important;padding-left: 30px !important;background-color: #f6f6f6 !important;border-radius: 15px !important;}\u00a0\u00bb offset=\u00a0\u00bbvc_col-lg-4 vc_col-md-4&Prime;][vc_column_text]Organiser des activit\u00e9s, des ateliers, des sommets citoyens et des journ\u00e9es d&rsquo;\u00e9tude.[\/vc_column_text][\/vc_column][vc_column css=\u00a0\u00bb.vc_custom_1632829967944{padding-top: 30px !important;padding-right: 30px !important;padding-bottom: 30px !important;padding-left: 30px !important;background-color: #f6f6f6 !important;border-radius: 15px !important;}\u00a0\u00bb el_class=\u00a0\u00bbgrey-block\u00a0\u00bb offset=\u00a0\u00bbvc_col-lg-4 vc_col-md-4&Prime;][vc_column_text]Faire pression pour que la sant\u00e9 transfrontali\u00e8re soit davantage prise en compte au niveau europ\u00e9en.[\/vc_column_text][\/vc_column][vc_column css=\u00a0\u00bb.vc_custom_1632829973873{padding-top: 30px !important;padding-right: 30px !important;padding-bottom: 30px !important;padding-left: 30px !important;background-color: #f6f6f6 !important;border-radius: 15px !important;}\u00a0\u00bb el_class=\u00a0\u00bbgrey-block\u00a0\u00bb offset=\u00a0\u00bbvc_col-lg-4 vc_col-md-4&Prime;][vc_column_text]Soutien aux demandes de subventions de l&rsquo;UE.[\/vc_column_text][\/vc_column][\/vc_row][vc_row equal_height=\u00a0\u00bbyes\u00a0\u00bb][vc_column css=\u00a0\u00bb.vc_custom_1632830087521{padding-top: 30px !important;padding-right: 30px !important;padding-bottom: 30px !important;padding-left: 30px !important;background-color: #f6f6f6 !important;border-radius: 15px !important;}\u00a0\u00bb el_class=\u00a0\u00bbgrey-block\u00a0\u00bb offset=\u00a0\u00bbvc_col-lg-6 vc_col-md-6&Prime;][vc_column_text]Transfert de connaissances entre les organisations de sant\u00e9 dans les r\u00e9gions frontali\u00e8res.[\/vc_column_text][\/vc_column][vc_column css=\u00a0\u00bb.vc_custom_1632830096414{padding-top: 30px !important;padding-right: 30px !important;padding-bottom: 30px !important;padding-left: 30px !important;background-color: #f6f6f6 !important;border-radius: 15px !important;}\u00a0\u00bb el_class=\u00a0\u00bbgrey-block\u00a0\u00bb offset=\u00a0\u00bbvc_col-lg-6 vc_col-md-6&Prime;][vc_column_text]Promouvoir vos activit\u00e9s \u00e0 Bruxelles et \u00e0 l&rsquo;OMS.[\/vc_column_text][\/vc_column][\/vc_row]<\/p>\n<\/section>","protected":false},"excerpt":{"rendered":"<p>[vc_row][vc_column][vc_column_text] Bureau d&rsquo;appui Le bureau d&rsquo;appui est au c\u0153ur de la fondation euPrevent et soutient les partenaires dans la r\u00e9alisation de la mission d&rsquo;euPrevent : am\u00e9liorer la qualit\u00e9 de vie des habitants de la r\u00e9gion frontali\u00e8re.[\/vc_column_text][vc_btn title=\u00a0\u00bbContact\u00a0\u00bb color=\u00a0\u00bbprimary\u00a0\u00bb link=\u00a0\u00bburl:https%3A%2F%2Feuprevent.eu%2Ffr%2Fa-propos-de-euprevent%2Fbureau-d-appui%2Fcontact%2F|title:Contact\u00a0\u00bb css=\u00a0\u00bb.vc_custom_1642512077607{margin-right: 1rem !important;}\u00a0\u00bb][vc_btn title=\u00a0\u00bbA propos de la fondation\u00a0\u00bb color=\u00a0\u00bbprimary\u00a0\u00bb link=\u00a0\u00bburl:https%3A%2F%2Feuprevent.eu%2Ffr%2Fa-propos-de-euprevent%2Freseau%2Feuprevent-fondation%2F|title:Fondation\u00a0\u00bb][vc_empty_space][\/vc_column][\/vc_row][vc_row][vc_column][vc_column_text] euPrevent pour votre organisation euPrevent peut [&hellip;]<\/p>\n","protected":false},"author":3,"featured_media":0,"parent":16999,"menu_order":0,"comment_status":"closed","ping_status":"closed","template":"page-with-about-menu.php","meta":{"_acf_changed":false,"footnotes":""},"class_list":["post-16983","page","type-page","status-publish","hentry"],"acf":[],"yoast_head":"<!-- This site is optimized with the Yoast SEO plugin v27.5 - https:\/\/yoast.com\/product\/yoast-seo-wordpress\/ -->\n<title>Bureau d&#039;appui - euPrevent<\/title>\n<meta name=\"robots\" content=\"noindex, nofollow\" \/>\n<meta property=\"og:locale\" content=\"fr_FR\" \/>\n<meta property=\"og:type\" content=\"article\" \/>\n<meta property=\"og:title\" content=\"Bureau d&#039;appui - euPrevent\" \/>\n<meta property=\"og:description\" content=\"[vc_row][vc_column][vc_column_text] Bureau d&rsquo;appui Le bureau d&rsquo;appui est au c\u0153ur de la fondation euPrevent et soutient les partenaires dans la r\u00e9alisation de la mission d&rsquo;euPrevent : am\u00e9liorer la qualit\u00e9 de vie des habitants de la r\u00e9gion frontali\u00e8re.[\/vc_column_text][vc_btn title=\u00a0\u00bbContact\u00a0\u00bb color=\u00a0\u00bbprimary\u00a0\u00bb link=\u00a0\u00bburl:https%3A%2F%2Feuprevent.eu%2Ffr%2Fa-propos-de-euprevent%2Fbureau-d-appui%2Fcontact%2F|title:Contact\u00a0\u00bb css=\u00a0\u00bb.vc_custom_1642512077607{margin-right: 1rem !important;}\u00a0\u00bb][vc_btn title=\u00a0\u00bbA propos de la fondation\u00a0\u00bb color=\u00a0\u00bbprimary\u00a0\u00bb link=\u00a0\u00bburl:https%3A%2F%2Feuprevent.eu%2Ffr%2Fa-propos-de-euprevent%2Freseau%2Feuprevent-fondation%2F|title:Fondation\u00a0\u00bb][vc_empty_space][\/vc_column][\/vc_row][vc_row][vc_column][vc_column_text] euPrevent pour votre organisation euPrevent peut [&hellip;]\" \/>\n<meta property=\"og:url\" content=\"https:\/\/euprevent.eu\/fr\/a-propos-de-euprevent\/bureau-d-appui\/\" \/>\n<meta property=\"og:site_name\" content=\"euPrevent\" \/>\n<meta property=\"article:modified_time\" content=\"2022-01-18T13:21:19+00:00\" \/>\n<meta name=\"twitter:card\" content=\"summary_large_image\" \/>\n<meta name=\"twitter:label1\" content=\"Dur\u00e9e de lecture estim\u00e9e\" \/>\n\t<meta name=\"twitter:data1\" content=\"1 minute\" \/>\n<script type=\"application\/ld+json\" class=\"yoast-schema-graph\">{\"@context\":\"https:\\\/\\\/schema.org\",\"@graph\":[{\"@type\":\"WebPage\",\"@id\":\"https:\\\/\\\/euprevent.eu\\\/fr\\\/a-propos-de-euprevent\\\/bureau-d-appui\\\/\",\"url\":\"https:\\\/\\\/euprevent.eu\\\/fr\\\/a-propos-de-euprevent\\\/bureau-d-appui\\\/\",\"name\":\"Bureau d'appui - euPrevent\",\"isPartOf\":{\"@id\":\"https:\\\/\\\/euprevent.eu\\\/fr\\\/#website\"},\"datePublished\":\"2022-01-03T11:40:22+00:00\",\"dateModified\":\"2022-01-18T13:21:19+00:00\",\"breadcrumb\":{\"@id\":\"https:\\\/\\\/euprevent.eu\\\/fr\\\/a-propos-de-euprevent\\\/bureau-d-appui\\\/#breadcrumb\"},\"inLanguage\":\"fr-FR\",\"potentialAction\":[{\"@type\":\"ReadAction\",\"target\":[\"https:\\\/\\\/euprevent.eu\\\/fr\\\/a-propos-de-euprevent\\\/bureau-d-appui\\\/\"]}]},{\"@type\":\"BreadcrumbList\",\"@id\":\"https:\\\/\\\/euprevent.eu\\\/fr\\\/a-propos-de-euprevent\\\/bureau-d-appui\\\/#breadcrumb\",\"itemListElement\":[{\"@type\":\"ListItem\",\"position\":1,\"name\":\"Home\",\"item\":\"https:\\\/\\\/euprevent.eu\\\/fr\\\/\"},{\"@type\":\"ListItem\",\"position\":2,\"name\":\"\u00c0 propos d&#8217;euPrevent\",\"item\":\"https:\\\/\\\/euprevent.eu\\\/fr\\\/a-propos-de-euprevent\\\/\"},{\"@type\":\"ListItem\",\"position\":3,\"name\":\"Bureau d&#8217;appui\"}]},{\"@type\":\"WebSite\",\"@id\":\"https:\\\/\\\/euprevent.eu\\\/fr\\\/#website\",\"url\":\"https:\\\/\\\/euprevent.eu\\\/fr\\\/\",\"name\":\"euPrevent\",\"description\":\"euPrevent is a Euroregional network that focuses on promoting health. Within this network, sustainable partnerships seek to increase the quality of life of residents in the border region between the Netherlands, Belgium and Germany.\",\"potentialAction\":[{\"@type\":\"SearchAction\",\"target\":{\"@type\":\"EntryPoint\",\"urlTemplate\":\"https:\\\/\\\/euprevent.eu\\\/fr\\\/?s={search_term_string}\"},\"query-input\":{\"@type\":\"PropertyValueSpecification\",\"valueRequired\":true,\"valueName\":\"search_term_string\"}}],\"inLanguage\":\"fr-FR\"}]}<\/script>\n<!-- \/ Yoast SEO plugin. -->","yoast_head_json":{"title":"Bureau d'appui - euPrevent","robots":{"index":"noindex","follow":"nofollow"},"og_locale":"fr_FR","og_type":"article","og_title":"Bureau d'appui - euPrevent","og_description":"[vc_row][vc_column][vc_column_text] Bureau d&rsquo;appui Le bureau d&rsquo;appui est au c\u0153ur de la fondation euPrevent et soutient les partenaires dans la r\u00e9alisation de la mission d&rsquo;euPrevent : am\u00e9liorer la qualit\u00e9 de vie des habitants de la r\u00e9gion frontali\u00e8re.[\/vc_column_text][vc_btn title=\u00a0\u00bbContact\u00a0\u00bb color=\u00a0\u00bbprimary\u00a0\u00bb link=\u00a0\u00bburl:https%3A%2F%2Feuprevent.eu%2Ffr%2Fa-propos-de-euprevent%2Fbureau-d-appui%2Fcontact%2F|title:Contact\u00a0\u00bb css=\u00a0\u00bb.vc_custom_1642512077607{margin-right: 1rem !important;}\u00a0\u00bb][vc_btn title=\u00a0\u00bbA propos de la fondation\u00a0\u00bb color=\u00a0\u00bbprimary\u00a0\u00bb link=\u00a0\u00bburl:https%3A%2F%2Feuprevent.eu%2Ffr%2Fa-propos-de-euprevent%2Freseau%2Feuprevent-fondation%2F|title:Fondation\u00a0\u00bb][vc_empty_space][\/vc_column][\/vc_row][vc_row][vc_column][vc_column_text] euPrevent pour votre organisation euPrevent peut [&hellip;]","og_url":"https:\/\/euprevent.eu\/fr\/a-propos-de-euprevent\/bureau-d-appui\/","og_site_name":"euPrevent","article_modified_time":"2022-01-18T13:21:19+00:00","twitter_card":"summary_large_image","twitter_misc":{"Dur\u00e9e de lecture estim\u00e9e":"1 minute"},"schema":{"@context":"https:\/\/schema.org","@graph":[{"@type":"WebPage","@id":"https:\/\/euprevent.eu\/fr\/a-propos-de-euprevent\/bureau-d-appui\/","url":"https:\/\/euprevent.eu\/fr\/a-propos-de-euprevent\/bureau-d-appui\/","name":"Bureau d'appui - euPrevent","isPartOf":{"@id":"https:\/\/euprevent.eu\/fr\/#website"},"datePublished":"2022-01-03T11:40:22+00:00","dateModified":"2022-01-18T13:21:19+00:00","breadcrumb":{"@id":"https:\/\/euprevent.eu\/fr\/a-propos-de-euprevent\/bureau-d-appui\/#breadcrumb"},"inLanguage":"fr-FR","potentialAction":[{"@type":"ReadAction","target":["https:\/\/euprevent.eu\/fr\/a-propos-de-euprevent\/bureau-d-appui\/"]}]},{"@type":"BreadcrumbList","@id":"https:\/\/euprevent.eu\/fr\/a-propos-de-euprevent\/bureau-d-appui\/#breadcrumb","itemListElement":[{"@type":"ListItem","position":1,"name":"Home","item":"https:\/\/euprevent.eu\/fr\/"},{"@type":"ListItem","position":2,"name":"\u00c0 propos d&#8217;euPrevent","item":"https:\/\/euprevent.eu\/fr\/a-propos-de-euprevent\/"},{"@type":"ListItem","position":3,"name":"Bureau d&#8217;appui"}]},{"@type":"WebSite","@id":"https:\/\/euprevent.eu\/fr\/#website","url":"https:\/\/euprevent.eu\/fr\/","name":"euPrevent","description":"euPrevent is a Euroregional network that focuses on promoting health. Within this network, sustainable partnerships seek to increase the quality of life of residents in the border region between the Netherlands, Belgium and Germany.","potentialAction":[{"@type":"SearchAction","target":{"@type":"EntryPoint","urlTemplate":"https:\/\/euprevent.eu\/fr\/?s={search_term_string}"},"query-input":{"@type":"PropertyValueSpecification","valueRequired":true,"valueName":"search_term_string"}}],"inLanguage":"fr-FR"}]}},"_links":{"self":[{"href":"https:\/\/euprevent.eu\/fr\/wp-json\/wp\/v2\/pages\/16983","targetHints":{"allow":["GET"]}}],"collection":[{"href":"https:\/\/euprevent.eu\/fr\/wp-json\/wp\/v2\/pages"}],"about":[{"href":"https:\/\/euprevent.eu\/fr\/wp-json\/wp\/v2\/types\/page"}],"author":[{"embeddable":true,"href":"https:\/\/euprevent.eu\/fr\/wp-json\/wp\/v2\/users\/3"}],"replies":[{"embeddable":true,"href":"https:\/\/euprevent.eu\/fr\/wp-json\/wp\/v2\/comments?post=16983"}],"version-history":[{"count":7,"href":"https:\/\/euprevent.eu\/fr\/wp-json\/wp\/v2\/pages\/16983\/revisions"}],"predecessor-version":[{"id":17309,"href":"https:\/\/euprevent.eu\/fr\/wp-json\/wp\/v2\/pages\/16983\/revisions\/17309"}],"up":[{"embeddable":true,"href":"https:\/\/euprevent.eu\/fr\/wp-json\/wp\/v2\/pages\/16999"}],"wp:attachment":[{"href":"https:\/\/euprevent.eu\/fr\/wp-json\/wp\/v2\/media?parent=16983"}],"curies":[{"name":"wp","href":"https:\/\/api.w.org\/{rel}","templated":true}]}}

<section class="wpb-content-wrapper"><p>[vc_row][vc_column][vc_column_text]</p>
<h1>Bureau d&rsquo;appui</h1>
<p>Le bureau d&rsquo;appui est au cœur de la fondation euPrevent et soutient les partenaires dans la réalisation de la mission d&rsquo;euPrevent : améliorer la qualité de vie des habitants de la région frontalière.[/vc_column_text][vc_btn title= »Contact » color= »primary » link= »url:https%3A%2F%2Feuprevent.eu%2Ffr%2Fa-propos-de-euprevent%2Fbureau-d-appui%2Fcontact%2F|title:Contact » css= ».vc_custom_1642512077607{margin-right: 1rem !important;} »][vc_btn title= »A propos de la fondation » color= »primary » link= »url:https%3A%2F%2Feuprevent.eu%2Ffr%2Fa-propos-de-euprevent%2Freseau%2Feuprevent-fondation%2F|title:Fondation »][vc_empty_space][/vc_column][/vc_row][vc_row][vc_column][vc_column_text]</p>
<h2>euPrevent pour votre organisation</h2>
<p>euPrevent peut soutenir votre organisation de différentes manières. Une petite sélection de ce que nous faisons :[/vc_column_text][/vc_column][/vc_row][vc_row equal_height= »yes »][vc_column el_class= »grey-block » css= ».vc_custom_1632829978922{padding-top: 30px !important;padding-right: 30px !important;padding-bottom: 30px !important;padding-left: 30px !important;background-color: #f6f6f6 !important;border-radius: 15px !important;} » offset= »vc_col-lg-4 vc_col-md-4&Prime;][vc_column_text]Organiser des activités, des ateliers, des sommets citoyens et des journées d&rsquo;étude.[/vc_column_text][/vc_column][vc_column css= ».vc_custom_1632829967944{padding-top: 30px !important;padding-right: 30px !important;padding-bottom: 30px !important;padding-left: 30px !important;background-color: #f6f6f6 !important;border-radius: 15px !important;} » el_class= »grey-block » offset= »vc_col-lg-4 vc_col-md-4&Prime;][vc_column_text]Faire pression pour que la santé transfrontalière soit davantage prise en compte au niveau européen.[/vc_column_text][/vc_column][vc_column css= ».vc_custom_1632829973873{padding-top: 30px !important;padding-right: 30px !important;padding-bottom: 30px !important;padding-left: 30px !important;background-color: #f6f6f6 !important;border-radius: 15px !important;} » el_class= »grey-block » offset= »vc_col-lg-4 vc_col-md-4&Prime;][vc_column_text]Soutien aux demandes de subventions de l&rsquo;UE.[/vc_column_text][/vc_column][/vc_row][vc_row equal_height= »yes »][vc_column css= ».vc_custom_1632830087521{padding-top: 30px !important;padding-right: 30px !important;padding-bottom: 30px !important;padding-left: 30px !important;background-color: #f6f6f6 !important;border-radius: 15px !important;} » el_class= »grey-block » offset= »vc_col-lg-6 vc_col-md-6&Prime;][vc_column_text]Transfert de connaissances entre les organisations de santé dans les régions frontalières.[/vc_column_text][/vc_column][vc_column css= ».vc_custom_1632830096414{padding-top: 30px !important;padding-right: 30px !important;padding-bottom: 30px !important;padding-left: 30px !important;background-color: #f6f6f6 !important;border-radius: 15px !important;} » el_class= »grey-block » offset= »vc_col-lg-6 vc_col-md-6&Prime;][vc_column_text]Promouvoir vos activités à Bruxelles et à l&rsquo;OMS.[/vc_column_text][/vc_column][/vc_row]</p>
</section>

<p>[vc_row][vc_column][vc_column_text] Bureau d&rsquo;appui Le bureau d&rsquo;appui est au cœur de la fondation euPrevent et soutient les partenaires dans la réalisation de la mission d&rsquo;euPrevent : améliorer la qualité de vie des habitants de la région frontalière.[/vc_column_text][vc_btn title= »Contact » color= »primary » link= »url:https%3A%2F%2Feuprevent.eu%2Ffr%2Fa-propos-de-euprevent%2Fbureau-d-appui%2Fcontact%2F|title:Contact » css= ».vc_custom_1642512077607{margin-right: 1rem !important;} »][vc_btn title= »A propos de la fondation » color= »primary » link= »url:https%3A%2F%2Feuprevent.eu%2Ffr%2Fa-propos-de-euprevent%2Freseau%2Feuprevent-fondation%2F|title:Fondation »][vc_empty_space][/vc_column][/vc_row][vc_row][vc_column][vc_column_text] euPrevent pour votre organisation euPrevent peut [&hellip;]</p>

<!-- This site is optimized with the Yoast SEO plugin v27.5 - https://yoast.com/product/yoast-seo-wordpress/ -->
<title>Bureau d&#039;appui - euPrevent</title>
<meta name="robots" content="noindex, nofollow" />
<meta property="og:locale" content="fr_FR" />
<meta property="og:type" content="article" />
<meta property="og:title" content="Bureau d&#039;appui - euPrevent" />
<meta property="og:description" content="[vc_row][vc_column][vc_column_text] Bureau d&rsquo;appui Le bureau d&rsquo;appui est au cœur de la fondation euPrevent et soutient les partenaires dans la réalisation de la mission d&rsquo;euPrevent : améliorer la qualité de vie des habitants de la région frontalière.[/vc_column_text][vc_btn title= »Contact » color= »primary » link= »url:https%3A%2F%2Feuprevent.eu%2Ffr%2Fa-propos-de-euprevent%2Fbureau-d-appui%2Fcontact%2F|title:Contact » css= ».vc_custom_1642512077607{margin-right: 1rem !important;} »][vc_btn title= »A propos de la fondation » color= »primary » link= »url:https%3A%2F%2Feuprevent.eu%2Ffr%2Fa-propos-de-euprevent%2Freseau%2Feuprevent-fondation%2F|title:Fondation »][vc_empty_space][/vc_column][/vc_row][vc_row][vc_column][vc_column_text] euPrevent pour votre organisation euPrevent peut [&hellip;]" />
<meta property="og:url" content="https://euprevent.eu/fr/a-propos-de-euprevent/bureau-d-appui/" />
<meta property="og:site_name" content="euPrevent" />
<meta property="article:modified_time" content="2022-01-18T13:21:19+00:00" />
<meta name="twitter:card" content="summary_large_image" />
<meta name="twitter:label1" content="Durée de lecture estimée" />
	<meta name="twitter:data1" content="1 minute" />
<script type="application/ld+json" class="yoast-schema-graph">{"@context":"https:\/\/schema.org","@graph":[{"@type":"WebPage","@id":"https:\/\/euprevent.eu\/fr\/a-propos-de-euprevent\/bureau-d-appui\/","url":"https:\/\/euprevent.eu\/fr\/a-propos-de-euprevent\/bureau-d-appui\/","name":"Bureau d'appui - euPrevent","isPartOf":{"@id":"https:\/\/euprevent.eu\/fr\/#website"},"datePublished":"2022-01-03T11:40:22+00:00","dateModified":"2022-01-18T13:21:19+00:00","breadcrumb":{"@id":"https:\/\/euprevent.eu\/fr\/a-propos-de-euprevent\/bureau-d-appui\/#breadcrumb"},"inLanguage":"fr-FR","potentialAction":[{"@type":"ReadAction","target":["https:\/\/euprevent.eu\/fr\/a-propos-de-euprevent\/bureau-d-appui\/"]}]},{"@type":"BreadcrumbList","@id":"https:\/\/euprevent.eu\/fr\/a-propos-de-euprevent\/bureau-d-appui\/#breadcrumb","itemListElement":[{"@type":"ListItem","position":1,"name":"Home","item":"https:\/\/euprevent.eu\/fr\/"},{"@type":"ListItem","position":2,"name":"À propos d&#8217;euPrevent","item":"https:\/\/euprevent.eu\/fr\/a-propos-de-euprevent\/"},{"@type":"ListItem","position":3,"name":"Bureau d&#8217;appui"}]},{"@type":"WebSite","@id":"https:\/\/euprevent.eu\/fr\/#website","url":"https:\/\/euprevent.eu\/fr\/","name":"euPrevent","description":"euPrevent is a Euroregional network that focuses on promoting health. Within this network, sustainable partnerships seek to increase the quality of life of residents in the border region between the Netherlands, Belgium and Germany.","potentialAction":[{"@type":"SearchAction","target":{"@type":"EntryPoint","urlTemplate":"https:\/\/euprevent.eu\/fr\/?s={search_term_string}"},"query-input":{"@type":"PropertyValueSpecification","valueRequired":true,"valueName":"search_term_string"}}],"inLanguage":"fr-FR"}]}</script>
<!-- / Yoast SEO plugin. -->

[vc_row][vc_column][vc_column_text] Bureau d&rsquo;appui Le bureau d&rsquo;appui est au cœur de la fondation euPrevent et soutient les partenaires dans la réalisation de la mission d&rsquo;euPrevent : améliorer la qualité de vie des habitants de la région frontalière.[/vc_column_text][vc_btn title= »Contact » color= »primary » link= »url:https%3A%2F%2Feuprevent.eu%2Ffr%2Fa-propos-de-euprevent%2Fbureau-d-appui%2Fcontact%2F|title:Contact » css= ».vc_custom_1642512077607{margin-right: 1rem !important;} »][vc_btn title= »A propos de la fondation » color= »primary » link= »url:https%3A%2F%2Feuprevent.eu%2Ffr%2Fa-propos-de-euprevent%2Freseau%2Feuprevent-fondation%2F|title:Fondation »][vc_empty_space][/vc_column][/vc_row][vc_row][vc_column][vc_column_text] euPrevent pour votre organisation euPrevent peut [&hellip;]

À propos d&#8217;euPrevent
