


{"id":2197,"date":"2017-11-21T12:47:32","date_gmt":"2017-11-21T12:47:32","guid":{"rendered":"https:\/\/euprevent.eu\/?page_id=2197"},"modified":"2019-01-04T17:44:26","modified_gmt":"2019-01-04T17:44:26","slug":"demenz-kapazitaetenanalyse","status":"publish","type":"page","link":"https:\/\/euprevent.eu\/de\/demenz-kapazitaetenanalyse\/","title":{"rendered":"Projekt Demenz-Kapazit\u00e4tenanalyse"},"content":{"rendered":"<section class=\"wpb-content-wrapper\"><p>[vc_row][vc_column][vc_single_image image=&#8220;2330&#8243; img_size=&#8220;medium&#8220; alignment=&#8220;right&#8220;][vc_column_text]<\/p>\n<h1>Projekt Demenz-Kapazit\u00e4tenanalyse<\/h1>\n<p>2014. Die Anzahl Menschen mit Demenz steigt unaufhaltsam. Menschen mit Demenz bleiben l\u00e4nger zuhause wohnen. Auch das Umfeld wird immer mehr mit Demenz konfrontiert: nicht nur die Mitarbeiter des Gesundheitswesens, die Familie und versorgenden Angeh\u00f6rigen, sondern auch Leute aus dem Gastst\u00e4ttengewerbe und dem Einzelhandel. Wie sieht es mit der Pflege der dementen Menschen aus? Wo gibt es Aussicht auf Besserung? Zur Beantwortung dieser Fragen wurde ein <a href=\"http:\/\/tools.euprevent.eu\/ca3\/Tool\/view\/0\/de\/\">Online-Instrument<\/a> f\u00fcr eine Kapazit\u00e4tenanalyse entworfen und eingesetzt.[\/vc_column_text][\/vc_column][\/vc_row][vc_row gap=&#8220;25&#8243;][vc_column width=&#8220;1\/2&#8243; css=&#8220;.vc_custom_1509467339928{padding-top: 25px !important;background-color: #f3f3f3 !important;border-radius: 5px !important;}&#8220;][vc_column_text css=&#8220;.vc_custom_1512039516715{margin-bottom: 5px !important;padding-bottom: 5px !important;}&#8220;]<\/p>\n<h3>Projektrahmen<\/h3>\n<p><strong>Zielgruppe:<\/strong> Menschen mit Demenz und ihr Umfeld<\/p>\n<p><strong>Laufzeit:<\/strong> 1. Juni 2014 bis 31. Oktober 2015[\/vc_column_text][vc_btn title=&#8220;Finanzierung&#8220; color=&#8220;primary&#8220; size=&#8220;sm&#8220; link=&#8220;url:https%3A%2F%2Feuprevent.eu%2Fde%2Ffinanzierung-capacity-assessment-dementia%2F|||&#8220;][vc_btn title=&#8220;Partners&#8220; color=&#8220;primary&#8220; size=&#8220;sm&#8220; link=&#8220;url:%2Fpartner%2F%3Fprojects%3Dproject-ca-dementie|||&#8220;][\/vc_column][\/vc_row][vc_row][vc_column][vc_empty_space][vc_column_text]<\/p>\n<h2>Projektfokus<\/h2>\n<p>Das Projekt verfolgte zwei Ziele:<\/p>\n<ol>\n<li>Eine Bestandsaufnahme des Handlungsfeldes Demenz in Limburg (NL) zu machen. Dazu wurde ein Analyseinstrument entwickelt. Einmalig bei diesem Instrument war der Fokus auf die euregionale Zusammenarbeit.<\/li>\n<li>Ein Analyseinstrument zu entwickeln, das nach Projektablauf grenz\u00fcberschreitend und in anderen Bereichen eingesetzt werden kann.<\/li>\n<\/ol>\n<p>[\/vc_column_text][\/vc_column][\/vc_row][vc_row][vc_column width=&#8220;1\/2&#8243;][vc_column_text]<\/p>\n<h3>Demenz-Kapazit\u00e4tenanalyse<\/h3>\n<p>F\u00fcr die Kapazit\u00e4tenanalyse wurden 20 Akteure aus dem Handlungsfeld Demenz in ganz Limburg (NL) befragt. Angewandt wurden sowohl quantitative als auch qualitative Untersuchungsmethoden. Die allgemeine Schlussfolgerung ist, dass es innerhalb der Niederlande gut funktionierende Demenzstrukturen gibt. Aber es gibt keine strukturelle Zusammenarbeit zwischen limburgischen Organisationen und vergleichbaren Organisationen innerhalb der Euregio Maas-Rhein (EMR). Der Bericht liegt nur auf Niederl\u00e4ndisch vor.[\/vc_column_text][vc_column_text]<\/p>\n<h3>Online Instrument<\/h3>\n<p>Bei der Entwicklung des Instruments f\u00fcr die Kapazit\u00e4tenanalyse wurde an seine sp\u00e4tere Nutzung gedacht:<\/p>\n<ul>\n<li>Am Ende des Projekts liegt ein selbstst\u00e4ndig zu nutzendes Instrument vor.<\/li>\n<li>Dieses Instrument kann bei allen Themen der Gesundheitsversorgung und in anderen Arbeitsbereichen eingesetzt werden (z.B. in Wirtschaft, Umwelt und Kultur).<\/li>\n<li>Dieses Instrument ist f\u00fcr Organisationen aus der gesamten EMR geeignet:\n<ul>\n<li>Es ber\u00fccksichtigt die euregionale Denk- und Arbeitsweise.<\/li>\n<li>Es kann in allen EMR-Regionen eingesetzt werden und ist in den EMR-Sprachen verf\u00fcgbar.<\/li>\n<\/ul>\n<\/li>\n<\/ul>\n<p>[\/vc_column_text][\/vc_column][vc_column width=&#8220;1\/2&#8243;][vc_column_text]<\/p>\n<h3>Kapazit\u00e4tenanalyse<\/h3>\n<p>Die Universit\u00e4t Maastricht erhielt den Auftrag, ein euregional nutzbares Instrument f\u00fcr eine Kapazit\u00e4tenanalyse zu entwickeln. Sie st\u00fctzte sich bei der Entwicklung auf einen Kapazit\u00e4tenanalyserahmen (\u201eframework for capacity assessment\u201c) des UNDP (United Nations Development Program). Drei Schritte sind vorgesehen:<\/p>\n<ol>\n<li>Es wird eine Kapazit\u00e4tenanalyse (\u201ecapacity assessment\u201c) durchgef\u00fchrt, um die Ist-Situation festzustellen (Wo stehen wir heute?).<\/li>\n<li>Wenn dies klar ist, wird nach der gew\u00fcnschten Kapazit\u00e4t gefragt (Wo wollen wir hin?).<\/li>\n<li>Anschlie\u00dfend k\u00f6nnen Ziele f\u00fcr eine Kapazit\u00e4tenverbesserung (\u201ecapacity Development\u201c) abgesteckt werden. Durch das Arbeiten an diesen Zielen steigt das Kapazit\u00e4tsniveau.<\/li>\n<\/ol>\n<p>Der UNDP-Rahmen sieht vor, dass Entwicklungsziele f\u00fcr Einzelpersonen, f\u00fcr Organisationen und f\u00fcr die Gesellschaft formuliert werden. Bei diesem Instrument wird nur an der Entwicklung von Zielen f\u00fcr Organisationen gearbeitet; Das Thema Demenz wird als gro\u00dfes gesellschaftliches Problem betrachtet.[\/vc_column_text][\/vc_column][\/vc_row]<\/p>\n<\/section>","protected":false},"excerpt":{"rendered":"<p>[vc_row][vc_column][vc_single_image image=&#8220;2330&#8243; img_size=&#8220;medium&#8220; alignment=&#8220;right&#8220;][vc_column_text] Projekt Demenz-Kapazit\u00e4tenanalyse 2014. Die Anzahl Menschen mit Demenz steigt unaufhaltsam. Menschen mit Demenz bleiben l\u00e4nger zuhause wohnen. Auch das Umfeld wird immer mehr mit Demenz konfrontiert: nicht nur die Mitarbeiter des Gesundheitswesens, die Familie und versorgenden Angeh\u00f6rigen, sondern auch Leute aus dem Gastst\u00e4ttengewerbe und dem Einzelhandel. Wie sieht es mit der [&hellip;]<\/p>\n","protected":false},"author":1,"featured_media":0,"parent":0,"menu_order":0,"comment_status":"closed","ping_status":"closed","template":"","meta":{"_acf_changed":false,"footnotes":""},"class_list":["post-2197","page","type-page","status-publish","hentry","programmes-mental-health"],"acf":[],"yoast_head":"<!-- This site is optimized with the Yoast SEO plugin v27.5 - https:\/\/yoast.com\/product\/yoast-seo-wordpress\/ -->\n<title>Projekt Demenz-Kapazit\u00e4tenanalyse - euPrevent<\/title>\n<meta name=\"robots\" content=\"index, follow, max-snippet:-1, max-image-preview:large, max-video-preview:-1\" \/>\n<link rel=\"canonical\" href=\"https:\/\/euprevent.eu\/de\/demenz-kapazitaetenanalyse\/\" \/>\n<meta property=\"og:locale\" content=\"de_DE\" \/>\n<meta property=\"og:type\" content=\"article\" \/>\n<meta property=\"og:title\" content=\"Projekt Demenz-Kapazit\u00e4tenanalyse - euPrevent\" \/>\n<meta property=\"og:description\" content=\"[vc_row][vc_column][vc_single_image image=&#8220;2330&#8243; img_size=&#8220;medium&#8220; alignment=&#8220;right&#8220;][vc_column_text] Projekt Demenz-Kapazit\u00e4tenanalyse 2014. Die Anzahl Menschen mit Demenz steigt unaufhaltsam. Menschen mit Demenz bleiben l\u00e4nger zuhause wohnen. Auch das Umfeld wird immer mehr mit Demenz konfrontiert: nicht nur die Mitarbeiter des Gesundheitswesens, die Familie und versorgenden Angeh\u00f6rigen, sondern auch Leute aus dem Gastst\u00e4ttengewerbe und dem Einzelhandel. Wie sieht es mit der [&hellip;]\" \/>\n<meta property=\"og:url\" content=\"https:\/\/euprevent.eu\/de\/demenz-kapazitaetenanalyse\/\" \/>\n<meta property=\"og:site_name\" content=\"euPrevent\" \/>\n<meta property=\"article:modified_time\" content=\"2019-01-04T17:44:26+00:00\" \/>\n<meta name=\"twitter:card\" content=\"summary_large_image\" \/>\n<meta name=\"twitter:label1\" content=\"Gesch\u00e4tzte Lesezeit\" \/>\n\t<meta name=\"twitter:data1\" content=\"3\u00a0Minuten\" \/>\n<script type=\"application\/ld+json\" class=\"yoast-schema-graph\">{\"@context\":\"https:\\\/\\\/schema.org\",\"@graph\":[{\"@type\":\"WebPage\",\"@id\":\"https:\\\/\\\/euprevent.eu\\\/de\\\/demenz-kapazitaetenanalyse\\\/\",\"url\":\"https:\\\/\\\/euprevent.eu\\\/de\\\/demenz-kapazitaetenanalyse\\\/\",\"name\":\"Projekt Demenz-Kapazit\u00e4tenanalyse - euPrevent\",\"isPartOf\":{\"@id\":\"https:\\\/\\\/euprevent.eu\\\/de\\\/#website\"},\"datePublished\":\"2017-11-21T12:47:32+00:00\",\"dateModified\":\"2019-01-04T17:44:26+00:00\",\"breadcrumb\":{\"@id\":\"https:\\\/\\\/euprevent.eu\\\/de\\\/demenz-kapazitaetenanalyse\\\/#breadcrumb\"},\"inLanguage\":\"de\",\"potentialAction\":[{\"@type\":\"ReadAction\",\"target\":[\"https:\\\/\\\/euprevent.eu\\\/de\\\/demenz-kapazitaetenanalyse\\\/\"]}]},{\"@type\":\"BreadcrumbList\",\"@id\":\"https:\\\/\\\/euprevent.eu\\\/de\\\/demenz-kapazitaetenanalyse\\\/#breadcrumb\",\"itemListElement\":[{\"@type\":\"ListItem\",\"position\":1,\"name\":\"Home\",\"item\":\"https:\\\/\\\/euprevent.eu\\\/de\\\/\"},{\"@type\":\"ListItem\",\"position\":2,\"name\":\"Projekt Demenz-Kapazit\u00e4tenanalyse\"}]},{\"@type\":\"WebSite\",\"@id\":\"https:\\\/\\\/euprevent.eu\\\/de\\\/#website\",\"url\":\"https:\\\/\\\/euprevent.eu\\\/de\\\/\",\"name\":\"euPrevent\",\"description\":\"euPrevent is a Euroregional network that focuses on promoting health. Within this network, sustainable partnerships seek to increase the quality of life of residents in the border region between the Netherlands, Belgium and Germany.\",\"potentialAction\":[{\"@type\":\"SearchAction\",\"target\":{\"@type\":\"EntryPoint\",\"urlTemplate\":\"https:\\\/\\\/euprevent.eu\\\/de\\\/?s={search_term_string}\"},\"query-input\":{\"@type\":\"PropertyValueSpecification\",\"valueRequired\":true,\"valueName\":\"search_term_string\"}}],\"inLanguage\":\"de\"}]}<\/script>\n<!-- \/ Yoast SEO plugin. -->","yoast_head_json":{"title":"Projekt Demenz-Kapazit\u00e4tenanalyse - euPrevent","robots":{"index":"index","follow":"follow","max-snippet":"max-snippet:-1","max-image-preview":"max-image-preview:large","max-video-preview":"max-video-preview:-1"},"canonical":"https:\/\/euprevent.eu\/de\/demenz-kapazitaetenanalyse\/","og_locale":"de_DE","og_type":"article","og_title":"Projekt Demenz-Kapazit\u00e4tenanalyse - euPrevent","og_description":"[vc_row][vc_column][vc_single_image image=&#8220;2330&#8243; img_size=&#8220;medium&#8220; alignment=&#8220;right&#8220;][vc_column_text] Projekt Demenz-Kapazit\u00e4tenanalyse 2014. Die Anzahl Menschen mit Demenz steigt unaufhaltsam. Menschen mit Demenz bleiben l\u00e4nger zuhause wohnen. Auch das Umfeld wird immer mehr mit Demenz konfrontiert: nicht nur die Mitarbeiter des Gesundheitswesens, die Familie und versorgenden Angeh\u00f6rigen, sondern auch Leute aus dem Gastst\u00e4ttengewerbe und dem Einzelhandel. Wie sieht es mit der [&hellip;]","og_url":"https:\/\/euprevent.eu\/de\/demenz-kapazitaetenanalyse\/","og_site_name":"euPrevent","article_modified_time":"2019-01-04T17:44:26+00:00","twitter_card":"summary_large_image","twitter_misc":{"Gesch\u00e4tzte Lesezeit":"3\u00a0Minuten"},"schema":{"@context":"https:\/\/schema.org","@graph":[{"@type":"WebPage","@id":"https:\/\/euprevent.eu\/de\/demenz-kapazitaetenanalyse\/","url":"https:\/\/euprevent.eu\/de\/demenz-kapazitaetenanalyse\/","name":"Projekt Demenz-Kapazit\u00e4tenanalyse - euPrevent","isPartOf":{"@id":"https:\/\/euprevent.eu\/de\/#website"},"datePublished":"2017-11-21T12:47:32+00:00","dateModified":"2019-01-04T17:44:26+00:00","breadcrumb":{"@id":"https:\/\/euprevent.eu\/de\/demenz-kapazitaetenanalyse\/#breadcrumb"},"inLanguage":"de","potentialAction":[{"@type":"ReadAction","target":["https:\/\/euprevent.eu\/de\/demenz-kapazitaetenanalyse\/"]}]},{"@type":"BreadcrumbList","@id":"https:\/\/euprevent.eu\/de\/demenz-kapazitaetenanalyse\/#breadcrumb","itemListElement":[{"@type":"ListItem","position":1,"name":"Home","item":"https:\/\/euprevent.eu\/de\/"},{"@type":"ListItem","position":2,"name":"Projekt Demenz-Kapazit\u00e4tenanalyse"}]},{"@type":"WebSite","@id":"https:\/\/euprevent.eu\/de\/#website","url":"https:\/\/euprevent.eu\/de\/","name":"euPrevent","description":"euPrevent is a Euroregional network that focuses on promoting health. Within this network, sustainable partnerships seek to increase the quality of life of residents in the border region between the Netherlands, Belgium and Germany.","potentialAction":[{"@type":"SearchAction","target":{"@type":"EntryPoint","urlTemplate":"https:\/\/euprevent.eu\/de\/?s={search_term_string}"},"query-input":{"@type":"PropertyValueSpecification","valueRequired":true,"valueName":"search_term_string"}}],"inLanguage":"de"}]}},"_links":{"self":[{"href":"https:\/\/euprevent.eu\/de\/wp-json\/wp\/v2\/pages\/2197","targetHints":{"allow":["GET"]}}],"collection":[{"href":"https:\/\/euprevent.eu\/de\/wp-json\/wp\/v2\/pages"}],"about":[{"href":"https:\/\/euprevent.eu\/de\/wp-json\/wp\/v2\/types\/page"}],"author":[{"embeddable":true,"href":"https:\/\/euprevent.eu\/de\/wp-json\/wp\/v2\/users\/1"}],"replies":[{"embeddable":true,"href":"https:\/\/euprevent.eu\/de\/wp-json\/wp\/v2\/comments?post=2197"}],"version-history":[{"count":13,"href":"https:\/\/euprevent.eu\/de\/wp-json\/wp\/v2\/pages\/2197\/revisions"}],"predecessor-version":[{"id":7061,"href":"https:\/\/euprevent.eu\/de\/wp-json\/wp\/v2\/pages\/2197\/revisions\/7061"}],"wp:attachment":[{"href":"https:\/\/euprevent.eu\/de\/wp-json\/wp\/v2\/media?parent=2197"}],"curies":[{"name":"wp","href":"https:\/\/api.w.org\/{rel}","templated":true}]}}

Projekt Demenz-Kapazitätenanalyse

<section class="wpb-content-wrapper"><p>[vc_row][vc_column][vc_single_image image=&#8220;2330&#8243; img_size=&#8220;medium&#8220; alignment=&#8220;right&#8220;][vc_column_text]</p>
<h1>Projekt Demenz-Kapazitätenanalyse</h1>
<p>2014. Die Anzahl Menschen mit Demenz steigt unaufhaltsam. Menschen mit Demenz bleiben länger zuhause wohnen. Auch das Umfeld wird immer mehr mit Demenz konfrontiert: nicht nur die Mitarbeiter des Gesundheitswesens, die Familie und versorgenden Angehörigen, sondern auch Leute aus dem Gaststättengewerbe und dem Einzelhandel. Wie sieht es mit der Pflege der dementen Menschen aus? Wo gibt es Aussicht auf Besserung? Zur Beantwortung dieser Fragen wurde ein <a href="http://tools.euprevent.eu/ca3/Tool/view/0/de/">Online-Instrument</a> für eine Kapazitätenanalyse entworfen und eingesetzt.[/vc_column_text][/vc_column][/vc_row][vc_row gap=&#8220;25&#8243;][vc_column width=&#8220;1/2&#8243; css=&#8220;.vc_custom_1509467339928{padding-top: 25px !important;background-color: #f3f3f3 !important;border-radius: 5px !important;}&#8220;][vc_column_text css=&#8220;.vc_custom_1512039516715{margin-bottom: 5px !important;padding-bottom: 5px !important;}&#8220;]</p>
<h3>Projektrahmen</h3>
<p><strong>Zielgruppe:</strong> Menschen mit Demenz und ihr Umfeld</p>
<p><strong>Laufzeit:</strong> 1. Juni 2014 bis 31. Oktober 2015[/vc_column_text][vc_btn title=&#8220;Finanzierung&#8220; color=&#8220;primary&#8220; size=&#8220;sm&#8220; link=&#8220;url:https%3A%2F%2Feuprevent.eu%2Fde%2Ffinanzierung-capacity-assessment-dementia%2F|||&#8220;][vc_btn title=&#8220;Partners&#8220; color=&#8220;primary&#8220; size=&#8220;sm&#8220; link=&#8220;url:%2Fpartner%2F%3Fprojects%3Dproject-ca-dementie|||&#8220;][/vc_column][/vc_row][vc_row][vc_column][vc_empty_space][vc_column_text]</p>
<h2>Projektfokus</h2>
<p>Das Projekt verfolgte zwei Ziele:</p>
<ol>
<li>Eine Bestandsaufnahme des Handlungsfeldes Demenz in Limburg (NL) zu machen. Dazu wurde ein Analyseinstrument entwickelt. Einmalig bei diesem Instrument war der Fokus auf die euregionale Zusammenarbeit.</li>
<li>Ein Analyseinstrument zu entwickeln, das nach Projektablauf grenzüberschreitend und in anderen Bereichen eingesetzt werden kann.</li>
</ol>
<p>[/vc_column_text][/vc_column][/vc_row][vc_row][vc_column width=&#8220;1/2&#8243;][vc_column_text]</p>
<h3>Demenz-Kapazitätenanalyse</h3>
<p>Für die Kapazitätenanalyse wurden 20 Akteure aus dem Handlungsfeld Demenz in ganz Limburg (NL) befragt. Angewandt wurden sowohl quantitative als auch qualitative Untersuchungsmethoden. Die allgemeine Schlussfolgerung ist, dass es innerhalb der Niederlande gut funktionierende Demenzstrukturen gibt. Aber es gibt keine strukturelle Zusammenarbeit zwischen limburgischen Organisationen und vergleichbaren Organisationen innerhalb der Euregio Maas-Rhein (EMR). Der Bericht liegt nur auf Niederländisch vor.[/vc_column_text][vc_column_text]</p>
<h3>Online Instrument</h3>
<p>Bei der Entwicklung des Instruments für die Kapazitätenanalyse wurde an seine spätere Nutzung gedacht:</p>
<ul>
<li>Am Ende des Projekts liegt ein selbstständig zu nutzendes Instrument vor.</li>
<li>Dieses Instrument kann bei allen Themen der Gesundheitsversorgung und in anderen Arbeitsbereichen eingesetzt werden (z.B. in Wirtschaft, Umwelt und Kultur).</li>
<li>Dieses Instrument ist für Organisationen aus der gesamten EMR geeignet:
<ul>
<li>Es berücksichtigt die euregionale Denk- und Arbeitsweise.</li>
<li>Es kann in allen EMR-Regionen eingesetzt werden und ist in den EMR-Sprachen verfügbar.</li>
</ul>
</li>
</ul>
<p>[/vc_column_text][/vc_column][vc_column width=&#8220;1/2&#8243;][vc_column_text]</p>
<h3>Kapazitätenanalyse</h3>
<p>Die Universität Maastricht erhielt den Auftrag, ein euregional nutzbares Instrument für eine Kapazitätenanalyse zu entwickeln. Sie stützte sich bei der Entwicklung auf einen Kapazitätenanalyserahmen („framework for capacity assessment“) des UNDP (United Nations Development Program). Drei Schritte sind vorgesehen:</p>
<ol>
<li>Es wird eine Kapazitätenanalyse („capacity assessment“) durchgeführt, um die Ist-Situation festzustellen (Wo stehen wir heute?).</li>
<li>Wenn dies klar ist, wird nach der gewünschten Kapazität gefragt (Wo wollen wir hin?).</li>
<li>Anschließend können Ziele für eine Kapazitätenverbesserung („capacity Development“) abgesteckt werden. Durch das Arbeiten an diesen Zielen steigt das Kapazitätsniveau.</li>
</ol>
<p>Der UNDP-Rahmen sieht vor, dass Entwicklungsziele für Einzelpersonen, für Organisationen und für die Gesellschaft formuliert werden. Bei diesem Instrument wird nur an der Entwicklung von Zielen für Organisationen gearbeitet; Das Thema Demenz wird als großes gesellschaftliches Problem betrachtet.[/vc_column_text][/vc_column][/vc_row]</p>
</section>

<p>[vc_row][vc_column][vc_single_image image=&#8220;2330&#8243; img_size=&#8220;medium&#8220; alignment=&#8220;right&#8220;][vc_column_text] Projekt Demenz-Kapazitätenanalyse 2014. Die Anzahl Menschen mit Demenz steigt unaufhaltsam. Menschen mit Demenz bleiben länger zuhause wohnen. Auch das Umfeld wird immer mehr mit Demenz konfrontiert: nicht nur die Mitarbeiter des Gesundheitswesens, die Familie und versorgenden Angehörigen, sondern auch Leute aus dem Gaststättengewerbe und dem Einzelhandel. Wie sieht es mit der [&hellip;]</p>

<!-- This site is optimized with the Yoast SEO plugin v27.5 - https://yoast.com/product/yoast-seo-wordpress/ -->
<title>Projekt Demenz-Kapazitätenanalyse - euPrevent</title>
<meta name="robots" content="index, follow, max-snippet:-1, max-image-preview:large, max-video-preview:-1" />
<link rel="canonical" href="https://euprevent.eu/de/demenz-kapazitaetenanalyse/" />
<meta property="og:locale" content="de_DE" />
<meta property="og:type" content="article" />
<meta property="og:title" content="Projekt Demenz-Kapazitätenanalyse - euPrevent" />
<meta property="og:description" content="[vc_row][vc_column][vc_single_image image=&#8220;2330&#8243; img_size=&#8220;medium&#8220; alignment=&#8220;right&#8220;][vc_column_text] Projekt Demenz-Kapazitätenanalyse 2014. Die Anzahl Menschen mit Demenz steigt unaufhaltsam. Menschen mit Demenz bleiben länger zuhause wohnen. Auch das Umfeld wird immer mehr mit Demenz konfrontiert: nicht nur die Mitarbeiter des Gesundheitswesens, die Familie und versorgenden Angehörigen, sondern auch Leute aus dem Gaststättengewerbe und dem Einzelhandel. Wie sieht es mit der [&hellip;]" />
<meta property="og:url" content="https://euprevent.eu/de/demenz-kapazitaetenanalyse/" />
<meta property="og:site_name" content="euPrevent" />
<meta property="article:modified_time" content="2019-01-04T17:44:26+00:00" />
<meta name="twitter:card" content="summary_large_image" />
<meta name="twitter:label1" content="Geschätzte Lesezeit" />
	<meta name="twitter:data1" content="3 Minuten" />
<script type="application/ld+json" class="yoast-schema-graph">{"@context":"https:\/\/schema.org","@graph":[{"@type":"WebPage","@id":"https:\/\/euprevent.eu\/de\/demenz-kapazitaetenanalyse\/","url":"https:\/\/euprevent.eu\/de\/demenz-kapazitaetenanalyse\/","name":"Projekt Demenz-Kapazitätenanalyse - euPrevent","isPartOf":{"@id":"https:\/\/euprevent.eu\/de\/#website"},"datePublished":"2017-11-21T12:47:32+00:00","dateModified":"2019-01-04T17:44:26+00:00","breadcrumb":{"@id":"https:\/\/euprevent.eu\/de\/demenz-kapazitaetenanalyse\/#breadcrumb"},"inLanguage":"de","potentialAction":[{"@type":"ReadAction","target":["https:\/\/euprevent.eu\/de\/demenz-kapazitaetenanalyse\/"]}]},{"@type":"BreadcrumbList","@id":"https:\/\/euprevent.eu\/de\/demenz-kapazitaetenanalyse\/#breadcrumb","itemListElement":[{"@type":"ListItem","position":1,"name":"Home","item":"https:\/\/euprevent.eu\/de\/"},{"@type":"ListItem","position":2,"name":"Projekt Demenz-Kapazitätenanalyse"}]},{"@type":"WebSite","@id":"https:\/\/euprevent.eu\/de\/#website","url":"https:\/\/euprevent.eu\/de\/","name":"euPrevent","description":"euPrevent is a Euroregional network that focuses on promoting health. Within this network, sustainable partnerships seek to increase the quality of life of residents in the border region between the Netherlands, Belgium and Germany.","potentialAction":[{"@type":"SearchAction","target":{"@type":"EntryPoint","urlTemplate":"https:\/\/euprevent.eu\/de\/?s={search_term_string}"},"query-input":{"@type":"PropertyValueSpecification","valueRequired":true,"valueName":"search_term_string"}}],"inLanguage":"de"}]}</script>
<!-- / Yoast SEO plugin. -->

Projekt Demenz-Kapazitätenanalyse - euPrevent

[vc_row][vc_column][vc_single_image image=&#8220;2330&#8243; img_size=&#8220;medium&#8220; alignment=&#8220;right&#8220;][vc_column_text] Projekt Demenz-Kapazitätenanalyse 2014. Die Anzahl Menschen mit Demenz steigt unaufhaltsam. Menschen mit Demenz bleiben länger zuhause wohnen. Auch das Umfeld wird immer mehr mit Demenz konfrontiert: nicht nur die Mitarbeiter des Gesundheitswesens, die Familie und versorgenden Angehörigen, sondern auch Leute aus dem Gaststättengewerbe und dem Einzelhandel. Wie sieht es mit der [&hellip;]
